{"id":6,"date":"2020-09-28T05:43:32","date_gmt":"2020-09-28T05:43:32","guid":{"rendered":"http:\/\/setducoeur.ch\/?page_id=6"},"modified":"2022-09-18T17:53:28","modified_gmt":"2022-09-18T17:53:28","slug":"https-setducoeur-ch-page_id6","status":"publish","type":"page","link":"https:\/\/setducoeur.ch\/?page_id=6","title":{"rendered":"Services"},"content":{"rendered":"\n<p><strong>S comme Services&nbsp;<\/strong>: Jardins, d\u00e9m\u00e9nagements, nettoyages, vignes, coups de main, d\u00e9blaiement de la neige\u2026 De fa\u00e7on diff\u00e9rente, les march\u00e9s font partie de ces services.<\/p>\n\n\n\n<p>Accompagnement : Orientation, d\u00e9marches administratives, recherches de soutien &#8230;<\/p>\n\n\n\n<p><strong>Quelques unes de nos interventions <\/strong>: <\/p>\n\n\n<div class=\"wp-block-image\">\n<figure class=\"alignright size-full is-resized\"><img loading=\"lazy\" decoding=\"async\" src=\"http:\/\/setducoeur.ch\/wp-content\/uploads\/2022\/09\/image000000-3.jpg\" alt=\"\" class=\"wp-image-187\" width=\"257\" height=\"343\" srcset=\"https:\/\/setducoeur.ch\/wp-content\/uploads\/2022\/09\/image000000-3.jpg 480w, https:\/\/setducoeur.ch\/wp-content\/uploads\/2022\/09\/image000000-3-225x300.jpg 225w\" sizes=\"auto, (max-width: 257px) 100vw, 257px\" \/><\/figure>\n<\/div>\n\n\n<figure class=\"wp-block-image size-full is-resized\"><img loading=\"lazy\" decoding=\"async\" src=\"http:\/\/setducoeur.ch\/wp-content\/uploads\/2022\/09\/image000000-4.jpg\" alt=\"\" class=\"wp-image-189\" width=\"286\" height=\"347\" srcset=\"https:\/\/setducoeur.ch\/wp-content\/uploads\/2022\/09\/image000000-4.jpg 480w, https:\/\/setducoeur.ch\/wp-content\/uploads\/2022\/09\/image000000-4-247x300.jpg 247w\" sizes=\"auto, (max-width: 286px) 100vw, 286px\" \/><\/figure>\n\n\n<div class=\"wp-block-image\">\n<figure class=\"alignright size-full is-resized\"><img loading=\"lazy\" decoding=\"async\" src=\"http:\/\/setducoeur.ch\/wp-content\/uploads\/2022\/09\/image000000-5.jpg\" alt=\"\" class=\"wp-image-190\" width=\"635\" height=\"846\" srcset=\"https:\/\/setducoeur.ch\/wp-content\/uploads\/2022\/09\/image000000-5.jpg 480w, https:\/\/setducoeur.ch\/wp-content\/uploads\/2022\/09\/image000000-5-225x300.jpg 225w\" sizes=\"auto, (max-width: 635px) 100vw, 635px\" \/><figcaption><strong>Nettoyages chez les particuliers : services aux personnes en difficult\u00e9. <\/strong><\/figcaption><\/figure>\n<\/div>","protected":false},"excerpt":{"rendered":"<p>S comme Services&nbsp;: Jardins, d\u00e9m\u00e9nagements, nettoyages, vignes, coups de main, d\u00e9blaiement de la neige\u2026 De fa\u00e7on diff\u00e9rente, les march\u00e9s font partie de ces services. Accompagnement : Orientation, d\u00e9marches administratives, recherches de soutien &#8230; Quelques unes de nos interventions :<\/p>\n","protected":false},"author":1,"featured_media":0,"parent":0,"menu_order":2,"comment_status":"closed","ping_status":"closed","template":"","meta":{"footnotes":""},"class_list":["post-6","page","type-page","status-publish","hentry"],"_links":{"self":[{"href":"https:\/\/setducoeur.ch\/index.php?rest_route=\/wp\/v2\/pages\/6","targetHints":{"allow":["GET"]}}],"collection":[{"href":"https:\/\/setducoeur.ch\/index.php?rest_route=\/wp\/v2\/pages"}],"about":[{"href":"https:\/\/setducoeur.ch\/index.php?rest_route=\/wp\/v2\/types\/page"}],"author":[{"embeddable":true,"href":"https:\/\/setducoeur.ch\/index.php?rest_route=\/wp\/v2\/users\/1"}],"replies":[{"embeddable":true,"href":"https:\/\/setducoeur.ch\/index.php?rest_route=%2Fwp%2Fv2%2Fcomments&post=6"}],"version-history":[{"count":11,"href":"https:\/\/setducoeur.ch\/index.php?rest_route=\/wp\/v2\/pages\/6\/revisions"}],"predecessor-version":[{"id":234,"href":"https:\/\/setducoeur.ch\/index.php?rest_route=\/wp\/v2\/pages\/6\/revisions\/234"}],"wp:attachment":[{"href":"https:\/\/setducoeur.ch\/index.php?rest_route=%2Fwp%2Fv2%2Fmedia&parent=6"}],"curies":[{"name":"wp","href":"https:\/\/api.w.org\/{rel}","templated":true}]}}